est common factor of 39 and x.
13
Let z(j) = j**3 + 5*j**2 - 18*j - 13. Let p be z(-7). Let g(q) = 6*q**3 - 2*q**2 + 2*q - 1. Let u be g(1). What is the highest common factor of p and u?
5
Let o(l) = -2*l**2 + 27*l + 20. Let i be o(12). Calculate the greatest common factor of i and 70.
14
Suppose 2*f - b - 182 = -0*b, -2*f + 4*b = -188. Suppose -p - 15 = -f. Let v = 18 + 12. Calculate the greatest common factor of p and v.
15
Let p = 2678 + -2636. Suppose -2*s = -5*j + 428, 3*j - 3*s - 303 = -39. What is the highest common factor of p and j?
42
Let j(q) = -q**2 - 5*q + 201. Let c be j(9). What is the greatest common factor of 300 and c?
75
Let g(z) = -z - 11. Let l be g(-16). Suppose -d - 44 = -l*d. Calculate the highest common factor of d and 33.
11
Let v(k) = k**2 - 11*k + 8. Let n be v(11). Let x be (-5 + 2 - -2)*10. Let f be (1 + 14/(-10))*x. What is the highest common factor of f and n?
4
Let s be (10101/30 - (-39)/130) + -4. What is the greatest common divisor of s and 18?
9
Let a = -114 + 184. Let v = a - 43. What is the greatest common factor of 9 and v?
9
Suppose 2*i = -g - 1, 5*g = -i - 14 - 9. Suppose 4*a - 199 = -3*o - 15, -o = i*a - 60. Calculate the highest common factor of 8 and o.
8
Let u = -2550 + 2697. Calculate the highest common factor of 343 and u.
49
Suppose -4*m + 450 = 5*f, -3*f + 6*m + 270 = 3*m. What is the highest common divisor of f and 126?
18
Suppose -12 = -r + 3*x + 6, -2*x - 7 = r. Calculate the greatest common divisor of r and 27.
3
Let u = 25 - -27. Let f be 5 - 1 - (-3 - -4). Suppose 2*r - 46 = -4*n, -7*n - 19 = -3*r - f*n. What is the highest common divisor of u and r?
13
Let b be 8/(-3)*33/(-22). Suppose 27 = w + 2*l - 0*l, b*l = w - 27. Suppose -2*q - 2*q + 36 = 0. Calculate the greatest common divisor of q and w.
9
Let j = 10 - -15. Suppose -u + j + 12 = -5*m, m = 5*u - 281. What is the highest common divisor of 38 and u?
19
Let x = -180 + 349. Calculate the highest common factor of 13 and x.
13
Suppose -5*m - 7 = 13. Let k be m/(-7) - 1199/77. Let f be 10 + -7 - (k + -2). What is the greatest common factor of 10 and f?
10
Let b = 530 + -377. Suppose 5*j + 2 = o + 12, j = -4*o + 23. Let w(c) = c**2 - 3*c + 7. Let x be w(o). Calculate the highest common divisor of b and x.
17
Suppose -q - o + 4 = 32, -4*q = 2*o + 108. Let i(x) = -x**2 - 28*x - 22. Let d be i(q). What is the highest common divisor of d and 75?
15
Let y(j) = -j**3 + 4*j**2 - 6*j + 6. Let r be y(3). Let l(f) = -11*f - 3*f + 1 - 8. Let t be l(r). Calculate the highest common factor of t and 14.
7
Let w(t) = t**2 - 15*t - 19. Let l(o) = -2*o**2 + 44*o + 58. Let d(y) = 5*l(y) + 14*w(y). Let a be d(-7). What is the greatest common factor of 15 and a?
15
Let b be 1 + -59*(-4 - -3). Let f be (-1 + -149)/(3 - (-1 + 5)). Calculate the greatest common divisor of b and f.
30
Let m = -10 - -25. Let z = -2217 + 2262. Calculate the greatest common factor of m and z.
15
Suppose -1057 = 4*w + 3*z - 0*z, 2*z = 2. Let b = -65 - w. What is the highest common factor of b and 25?
25
Let z = 7 + 7. Suppose 0 = 4*k + t - z, -t + 8 = -k + 3*k. Calculate the greatest common divisor of k and 12.
3
Suppose -5*l - 3*o = -12, -l - 4*o = -0*o + 1. Suppose 52 = 4*f - l*r, 4*f - 2*r - 3*r - 52 = 0. Calculate the greatest common factor of f and 52.
13
Suppose 4*m = 8, 0 = -6*d + d + 4*m + 97. Let f = 23 - d. Suppose 0 = -z - z + 6. What is the greatest common divisor of z and f?
1
Suppose k - v - 4 = 0, 3 = 5*k - 2*v - 29. Calculate the highest common divisor of 32 and k.
8
Let c = -427 - -583. What is the greatest common divisor of 117 and c?
39
Let i(b) = 387*b - 3. Let s be i(1). Calculate the greatest common divisor of 6 and s.
6
Let x = 402 + -276. Calculate the highest common divisor of x and 27.
9
Suppose 0 = 2*v - 30 - 34. Suppose v = -2*o + 6*o. Let x be 20/o + (-1)/(-2). What is the highest common factor of x and 3?
3
Suppose 15*y + 4*r - 100 = 12*y, -5*y - r + 195 = 0. Suppose 0 = 4*g - 8, 4*w + 0*g - 110 = 5*g. Calculate the greatest common divisor of w and y.
10
Let b = 177 + -45. Let z be 4/12 - (-8)/3. Suppose z*p - 4*p = -b. Calculate the highest common divisor of p and 12.
12
Let q(o) = -146*o**3 + o + 2. Let p be q(-1). What is the highest common divisor of p and 84?
21
Suppose -4*u - 49 = 4*s - 305, -u - 3*s = -72. What is the greatest common divisor of 870 and u?
30
Suppose c = 3*p + 13, -4*c = 5*p - 2*p + 8. Suppose 2*u - 50 = 36. Let z = -39 + u. What is the highest common divisor of c and z?
1
Let k = -39 + 27. Let d be (-3 - -2)/((-5)/(-60)*4). Let f be d*(560/k)/5. Calculate the highest common factor of f and 224.
28
Let w(b) = b + 13. Let j be 0 + (-2)/4*0. Let y be w(j). Let m = 1415 + -1389. What is the highest common factor of y and m?
13
Suppose -m + 2*q + 22 - 5 = 0, 0 = -5*q - 5. Let t = -12 + m. Let y be 36*(1 + -2)*86/(-129). What is the highest common factor of y and t?
3
Let x(k) = k**3 + 4*k**2 - 2*k + 12. Let y be x(-5). Let q be -1 - 2 - (-132)/(-18)*y. What is the highest common divisor of 209 and q?
19
Suppose 6*v - 4*v = 16. Let p(b) = 3*b - 21. Let a be p(v). Calculate the greatest common factor of 3 and a.
3
Let c(x) = x**2 + 1. Let t be c(-5). Suppose 5*l + t - 66 = 0. Let v = -6 + 8. What is the greatest common factor of l and v?
2
Suppose 80*d - 704 = 76*d. Let c = 0 + 3. Suppose c*y + 4*g = -0*g + 52, 3*y + 3*g - 51 = 0. Calculate the highest common divisor of y and d.
16
Let b(h) = -h**2 + 14*h - 3. Let s be b(7). Suppose -2*d + 3 = -227. What is the greatest common factor of d and s?
23
Suppose z + 9 = c - 18, -3*c = 4*z + 136. Let f = 77 + z. Let b be f/6 + 11/33. Calculate the highest common divisor of 16 and b.
8
Suppose 0*f + 2*f - 3*i = 9, -i - 3 = 3*f. Let r = 19 - f. What is the greatest common factor of r and 38?
19
Suppose 0 = 125*u - 39*u - 946. Calculate the greatest common divisor of 462 and u.
11
Let w(m) = 8*m**3 + 2*m - 3. Let b = 52 + -51. Let h be w(b). Calculate the greatest common factor of 21 and h.
7
Let y(p) be the second derivative of p**3 - 19*p**2/2 - 12*p. Let s be y(5). Calculate the greatest common divisor of 44 and s.
11
Let k be 30 + (-3)/(6/42*7). Let u = 14 - 5. Calculate the highest common divisor of u and k.
9
Let x be 195/(-2)*(24/10)/(-2). Let f = 127 - x. What is the greatest common divisor of f and 50?
10
Let u(i) = -i**3 + 6*i**2 + 5*i. Let t be u(6). What is the highest common divisor of 170 and t?
10
Let o be (-2)/(-3) - 715/(-165). Calculate the highest common factor of o and 215.
5
Suppose 0 = -18*w + 28*w - 11970. Calculate the greatest common divisor of 63 and w.
63
Let k be -4 + 7 + 4/(-1) - -6. Suppose 4*u + 499 = k*b, -u - 1 + 0 = 0. What is the greatest common divisor of 9 and b?
9
Suppose 221 = 2*t - 31. Suppose a - 2 = -2*m - 10, -2*m = 5*a. Let d be t/((-3)/a*-1). Calculate the greatest common factor of d and 21.
21
Suppose -k - 2 = 4*s - 8, k + 2*s = 6. Let g = 9 - 19. Let w(t) = -t**2 - 14*t + 2. Let d be w(g). Calculate the greatest common divisor of d and k.
6
Suppose 10*v + 9 = 39. What is the greatest common divisor of 48 and v?
3
Let n be 1*-21 - (6/6 - 2). Let z be (-542)/(-8) + (-5)/n. What is the highest common factor of 17 and z?
17
Suppose 67 = 5*v - 4*l - 45, -5*v + l = -118. Let a(h) = h**2 + 10*h - 32. Let o be a(10). What is the highest common divisor of o and v?
24
Suppose 4*k + 5*n + 8 + 0 = 0, -3*k - 11 = 5*n. Suppose 3*x - i - 23 + k = 0, 3*i = -x. Let w be 63/x*84/9. Calculate the highest common factor of 14 and w.
14
Let l be (-56)/8 - (1 - 2). Let z be (1*l)/((-12)/66). Let c = 47 - z. Calculate the greatest common factor of 154 and c.
14
Let h(a) = -a + 32. Let o be h(6). Calculate the greatest common divisor of 91 and o.
13
Let w = 712 + -710. Suppose 3*m = 2*m + 6. What is the highest common divisor of w and m?
2
Suppose -y + r + 24 = -r, 0 = 2*r + 2. Let t = 40 - y. Let h = -390 - -402. What is the highest common divisor of h and t?
6
Suppose 3*z = -2*c + 141, c = -z + 58 + 13. Calculate the highest common divisor of 108 and c.
36
Let a = -103 - -153. Let z = a - 46. What is the greatest common factor of 24 and z?
4
Suppose 4*z = -8 + 12. Let m be (-2 - (z - 21)) + -3. Let l = -7 + m. What is the highest common divisor of l and 40?
8
Let b be